 -6*g + 4. Suppose -3*n + 68 = -0*k + k, -8 = g*n. Suppose 23 = 2*f - 41. Calculate the greatest common divisor of k and f.
16
Suppose 2 = 3*d - 4. Suppose -4*v = -d*v. Suppose 0 = -5*x - 25, v = -6*o + o - x + 60. What is the highest common divisor of o and 52?
13
Let x be 4 + (-104)/(7/((-21)/6)). Calculate the highest common factor of x and 8.
8
Let l(w) = 9*w**2 - 5*w - 3. Let f be l(4). Suppose -2*b - 3*b = 4*p - f, -p - 2*b = -28. Calculate the greatest common factor of 85 and p.
17
Let n(g) = g**2 - 5*g - 12. Let i be n(9). Suppose 0*b - 4*b = 4*f - i, -10 = 5*f. What is the highest common divisor of 12 and b?
4
Suppose -4*c + 6 = -38. Let w(u) = u**2 - 4*u + 121. Let f be w(0). Calculate the greatest common factor of c and f.
11
Let l(z) = -53*z + 3. Let a be l(-3). Suppose -269 = 5*p - 719. Suppose b = 6*b - p. What is the greatest common divisor of a and b?
18
Let g(i) = -i**3 - 9*i**2 - 9*i + 2. Let v be g(-8). Let l be (4/v)/(3/240). Calculate the greatest common factor of 16 and l.
16
Suppose 0*x = 2*v - 2*x - 28, 2*v - 3*x - 27 = 0. Let w(g) = -g + 4. Let y be w(-11). Let n = y + -5. What is the highest common factor of v and n?
5
Suppose 3*y - 185 = -5. What is the greatest common factor of 90 and y?
30
Suppose 60 = 16*i - 13*i. What is the highest common factor of i and 50?
10
Suppose 4*u = -4*w - 0*u + 72, 58 = 3*w - u. Suppose -w*f + 21*f = 128. What is the highest common divisor of f and 16?
16
Let x be 2/6 - (-770)/21. What is the highest common divisor of 222 and x?
37
Let w = -47 + 48. What is the highest common divisor of w and 1?
1
Let r(j) = -14*j - 13. Let p be r(-6). Let k = p + -36. Suppose 5*q - 26 = 3*s + 11, 0 = 2*s + 8. Calculate the greatest common factor of k and q.
5
Let w(m) = 9*m - 6 - 2*m - 2*m. Let v be w(9). Calculate the highest common divisor of 13 and v.
13
Suppose d - 2*j - 12 = 0, 2*d - 48 = -2*d - 5*j. What is the greatest common factor of d and 30?
6
Let x be 14/(-4) + (-1)/2. Let q be (1 - -1) + 15 + -3. Let c = q + x. Calculate the highest common divisor of 70 and c.
10
Let m be (-90)/27*6/1. Let v = -36 - -77. Let i = m + v. Calculate the greatest common divisor of i and 14.
7
Let v(d) = 3*d - 1. Let o be v(3). Let b = -1 + 9. Calculate the greatest common factor of b and o.
8
Let g = -3 - -6. Suppose -3*a - 249 = -4*f, -g*f + 2*a + 193 = 6*a. What is the highest common divisor of f and 7?
7
Let l = 70 - 38. What is the highest common factor of l and 4?
4
Let a = 3 + 8. What is the highest common divisor of 1 and a?
1
Let b(i) = 6*i**2 - 9*i - i + 7*i + 3. Let q be b(2). Calculate the highest common factor of q and 42.
21
Let h(c) = c**2 - 37. Let b be h(-13). What is the greatest common divisor of 4 and b?
4
Let n = 22 + -13. Let a be -5*(3 + -5 + -34). Suppose a = -3*z + 7*z. What is the highest common factor of z and n?
9
Let n(i) = -4*i**2 + 3*i - 3. Let c be n(2). Let g(v) = v**2 + 12*v + 4. Let m be g(c). What is the greatest common factor of m and 34?
17
Let b(w) = -w**3 + 13*w**2 - 5*w. Let n be b(5). Calculate the highest common factor of n and 25.
25
Suppose -9*v = -v - 40. What is the greatest common divisor of 95 and v?
5
Let r be 5 + (-2)/1 - -57. Suppose 184 = 5*n - 4*u, -n = n - 5*u - r. Calculate the highest common divisor of 5 and n.
5
Let n(l) = -l**3 - 5*l**2 - 4*l + 5. Let d be n(-4). Suppose 3*y - 8 = y - 4*a, 5*y + d*a = 45. Calculate the highest common divisor of 35 and y.
7
Let a(x) = x**2 - 3*x + 4. Let n be a(4). Suppose -2*b - 94 = -5*o, -3*o + b + n = -48. Suppose 6 = 4*y - 2. What is the greatest common factor of y and o?
2
Suppose -r + 17 = -2*g - 1, 5*r - 62 = -4*g. Suppose -3*d + 17 = 3*j - 8*d, 0 = -j - 5*d + 39. What is the greatest common divisor of j and r?
14
Suppose 0 = -4*s + 8*s - 60. Let r be (s*-2)/((-6)/8). Let p = -19 + 35. Calculate the greatest common factor of p and r.
8
Let y(a) = 25*a**2 + 2*a + 1. Let t be y(-2). Let g = t - 57. Calculate the highest common divisor of g and 8.
8
Suppose -2*y + 3 = -3. Suppose -189 = -0*i - y*i. Let w be (7/4)/((-3)/(-12)). What is the greatest common factor of w and i?
7
Suppose 30*v = 28*v + 4. Suppose -4*g = -5*m + 10, -m + 5*m + 4*g = 8. Suppose -w = -m*w + v. Calculate the greatest common divisor of w and 14.
2
Suppose 3*b - 4*z = 446, 3*b + 222 = -2*z + 692. Let j be (-476)/(-35) - 2/(-5). What is the highest common factor of b and j?
14
Let c be (9 + 0)*(1/(-3))/(-1). Calculate the highest common divisor of 3 and c.
3
Let s = 4 - 2. Let n(a) = 7*a**s + 4*a**2 - 4*a**2 - 5*a**2. Let b be n(4). What is the highest common divisor of b and 8?
8
Let j be -1 + 6 + (-26 - -35). Let t(w) = -9*w**3 + w**2. Let r be t(-1). Let a = j - r. Calculate the greatest common factor of a and 10.
2
Suppose 0 = 2*a - 7 - 3. Suppose -2*i - 2*q + 19 = -i, 47 = a*i - 2*q. Let m(z) = 11*z**3 - z + 2. Let g be m(2). What is the greatest common factor of g and i?
11
Let x(o) = o**3 - 2 - 6*o**2 + 5 + 3*o + 0*o. Suppose -33*v + 37*v - 24 = 0. Let m be x(v). What is the greatest common divisor of m and 7?
7
Suppose -5*b + 2*d = -327, 0*b + 3*b - 4*d = 185. Let t = 177 - b. What is the greatest common divisor of 10 and t?
10
Let x = -4 + 8. Suppose 2*r + x*m = 86, 2*r + 0*r - 80 = 2*m. Let s = 8 + r. What is the greatest common factor of s and 7?
7
Suppose -2*q + 26 = 8*r - 4*r, q - 28 = -5*r. Let z(h) = h**3 - 3*h**2 + 2*h + 2. Let f be z(q). Calculate the highest common divisor of f and 8.
8
Suppose -5*i + 13 - 3 = 0. What is the greatest common factor of 3 and i?
1
Suppose 0*j + 4*j = 268. Suppose j - 11 = 4*d. What is the highest common factor of 14 and d?
14
Suppose -5*a + 29 - 9 = 0. Let c be a/(-5)*75/(-10). Calculate the greatest common divisor of 6 and c.
6
Suppose -4*s = -b + 9, 2*b - s - 14 = 25. Let i(k) = -k**3 - 6*k**2 - 3*k - 4. Let g be i(-6). What is the greatest common factor of b and g?
7
Let i(k) = 2*k**2 - 11*k + 3. Let a be i(7). What is the greatest common factor of a and 8?
8
Let g = 11 + -7. Suppose g*b + r = 0, r - 2*r = 0. Let d be 17 + 0/(-1 + b). Calculate the greatest common factor of d and 119.
17
Let j be (10 - 10) + (-26)/(-2). Suppose -h + 86 = -3*h. Let m = h - -82. Calculate the greatest common divisor of m and j.
13
Let t(b) = 2*b**2 - 4*b + 3. Let i be t(3). Let q(f) = 4*f + 5*f + 3*f**2 - 4*f**2 - 9. Let o be q(6). What is the highest common divisor of i and o?
9
Suppose 0*d + 5*d - 28 = 2*f, 0 = 2*d - 4*f - 24. Calculate the greatest common factor of d and 16.
4
Let g(v) = -v - 16. Let x be g(-12). Let i(d) = 3*d**2 - 3*d - 4. Let m be i(x). What is the highest common divisor of 28 and m?
28
Suppose -g - 214 - 40 = -2*d, -5*g - 640 = -5*d. Calculate the highest common factor of 18 and d.
18
Let q(d) = 4*d - 14. Let k be q(5). Calculate the highest common factor of k and 12.
6
Let w(p) = -5*p - 44. Let t be w(-10). What is the highest common divisor of 78 and t?
6
Let t(j) = 5*j**2 - 3*j + 1. Let b be t(2). What is the highest common factor of b and 120?
15
Let p = 7 + 3. Calculate the greatest common divisor of p and 5.
5
Let r(p) be the second derivative of 1/3*p**3 - 1/6*p**4 + 0*p**2 + 7/10*p**5 + 0 + 3*p. Let a be r(2). Calculate the greatest common divisor of a and 12.
12
Suppose 0 = z - 6*z - 25. Let d = z - -25. What is the highest common divisor of 5 and d?
5
Suppose -p = -6*p + 20. Let c be 12/2 - (4 + -2). What is the highest common factor of p and c?
4
Suppose 0*v - 44 = -4*v. Suppose 0*i = 5*u - i - 112, u - 38 = -5*i. Suppose 4*y - u = 21. Calculate the highest common factor of y and v.
11
Let z(u) = 39*u**2 + 5*u + 4. Let d be z(-1). What is the greatest common factor of d and 95?
19
Let x(r) = -3*r**2 - 7*r - 8. Let g be x(-6). Let w = -2 - g. What is the highest common divisor of 8 and w?
8
Suppose y + 0 = 4. Let w be (0 - -2)*y/2. Suppose -w*g = -0*g - 4. What is the greatest common factor of g and 1?
1
Suppose -5*g - 75 = 110. Let w be g/(-3) + (-3)/9. What is the highest common divisor of 24 and w?
12
Let j = -43 - -121. Let n = j - 28. What is the greatest common divisor of n and 5?
5
Suppose 4 = 3*y + y + 4*j, -2*j + 5 = 5*y. Let q be y + 1 + 264/12. What is the highest common divisor of q and 216?
24
Suppose 2*f = 20 + 22. Suppose 5*n - 397 = -117. Suppose -2*d = -28 - 